
What is the remainder when 139040 is divided by 535?
475
What is the remainder when 146701 is divided by 31?
9
What is the remainder when 2341 is divided by 246?
127
Calculate the remainder when 13850 is divided by 33.
23
Calculate the remainder when 22059 is divided by 28.
23
What is the remainder when 13595 is divided by 11?
10
Calculate the remainder when 1244 is divided by 16.
12
What is the remainder when 13860 is divided by 396?
0
What is the remainder when 39465 is divided by 3035?
10
What is the remainder when 8011 is divided by 672?
619
Calculate the remainder when 682 is divided by 252.
178
Calculate the remainder when 38782 is divided by 21.
16
Calculate the remainder when 14021 is divided by 282.
203
Calculate the remainder when 169824 is divided by 308.
116
Calculate the remainder when 31492 is divided by 4496.
20
Calculate the remainder when 301411 is divided by 30.
1
What is the remainder when 18748 is divided by 244?
204
What is the remainder when 146824 is divided by 165?
139
Calculate the remainder when 31513 is divided by 14.
13
What is the remainder when 106174 is divided by 31?
30
What is the remainder when 26503 is divided by 779?
17
Calculate the remainder when 2539 is divided by 482.
129
What is the remainder when 22271 is divided by 22?
7
Calculate the remainder when 7779 is divided by 7776.
3
Calculate the remainder when 11248 is divided by 15.
13
What is the remainder when 38539 is divided by 150?
139
Calculate the remainder when 30309 is divided by 14.
13
Calculate the remainder when 10278 is divided by 4.
2
What is the remainder when 30847 is divided by 10254?
85
Calculate the remainder when 123953 is divided by 805.
788
What is the remainder when 109148 is divided by 10?
8
What is the remainder when 187357 is divided by 203?
191
What is the remainder when 410258 is divided by 281?
279
Calculate the remainder when 10625 is divided by 5301.
23
Calculate the remainder when 10293 is divided by 4669.
955
Calculate the remainder when 29379 is divided by 51.
3
What is the remainder when 232147 is divided by 1203?
1171
Calculate the remainder when 6463 is divided by 13.
2
What is the remainder when 2667020 is divided by 25?
20
Calculate the remainder when 48746 is divided by 48727.
19
What is the remainder when 90802 is divided by 18130?
152
Calculate the remainder when 211076 is divided by 9.
8
What is the remainder when 4665 is divided by 82?
73
What is the remainder when 637007 is divided by 1154?
1153
Calculate the remainder when 766 is divided by 82.
28
What is the remainder when 3963 is divided by 1477?
1009
Calculate the remainder when 230 is divided by 60.
50
What is the remainder when 10987 is divided by 440?
427
What is the remainder when 26177 is divided by 247?
242
What is the remainder when 1602 is divided by 308?
62
Calculate the remainder when 42617 is divided by 57.
38
Calculate the remainder when 357529 is divided by 194.
181
Calculate the remainder when 141769 is divided by 107.
101
Calculate the remainder when 1884 is divided by 50.
34
Calculate the remainder when 191 is divided by 170.
21
What is the remainder when 23419 is divided by 366?
361
What is the remainder when 233572 is divided by 15?
7
Calculate the remainder when 10115 is divided by 4570.
975
What is the remainder when 5377 is divided by 2684?
9
What is the remainder when 22025 is divided by 136?
129
Calculate the remainder when 241734 is divided by 52.
38
What is the remainder when 13000 is divided by 529?
304
What is the remainder when 2285 is divided by 109?
105
Calculate the remainder when 2140654 is divided by 55.
54
Calculate the remainder when 5505161 is divided by 243.
239
Calculate the remainder when 503784 is divided by 29.
25
Calculate the remainder when 73945 is divided by 7.
4
What is the remainder when 56660 is divided by 691?
689
What is the remainder when 8395 is divided by 152?
35
What is the remainder when 720 is divided by 86?
32
Calculate the remainder when 27680 is divided by 865.
0
Calculate the remainder when 23807 is divided by 408.
143
What is the remainder when 412481 is divided by 294?
293
Calculate the remainder when 23519 is divided by 2565.
434
What is the remainder when 25092 is divided by 299?
275
Calculate the remainder when 5958 is divided by 398.
386
What is the remainder when 13348 is divided by 75?
73
Calculate the remainder when 11904 is divided by 147.
144
Calculate the remainder when 141486 is divided by 2947.
30
What is the remainder when 4521 is divided by 507?
465
What is the remainder when 1598 is divided by 661?
276
Calculate the remainder when 1511 is divided by 327.
203
Calculate the remainder when 22430 is divided by 11213.
4
What is the remainder when 776084 is divided by 93?
92
Calculate the remainder when 47559 is divided by 897.
18
What is the remainder when 66537 is divided by 22176?
9
What is the remainder when 3084 is divided by 398?
298
Calculate the remainder when 9669 is divided by 52.
49
What is the remainder when 34386 is divided by 2863?
30
What is the remainder when 1409 is divided by 174?
17
What is the remainder when 37073 is divided by 131?
0
Calculate the remainder when 116601 is divided by 461.
429
Calculate the remainder when 19512 is divided by 11.
9
Calculate the remainder when 60751 is divided by 12145.
26
What is the remainder when 62014 is divided by 544?
542
What is the remainder when 4070 is divided by 117?
92
What is the remainder when 1213 is divided by 368?
109
What is the remainder when 245638 is divided by 76?
6
Calculate the remainder when 3871 is divided by 151.
96
What is the remainder when 15455 is divided by 1268?
239
What is the remainder when 47096 is divided by 3357?
98
Calculate the remainder when 41131 is divided by 473.
453
Calculate the remainder when 1131663 is divided by 5.
3
What is the remainder when 76454 is divided by 21?
14
What is the remainder when 9133 is divided by 1013?
16
What is the remainder when 10388 is divided by 225?
38
What is the remainder when 118502 is divided by 27?
26
Calculate the remainder when 573 is divided by 105.
48
What is the remainder when 3193 is divided by 794?
17
Calculate the remainder when 90334 is divided by 149.
40
Calculate the remainder when 6234 is divided by 259.
18
Calculate the remainder when 222 is divided by 198.
24
What is the remainder when 1486 is divided by 167?
150
Calculate the remainder when 29725 is divided by 11.
3
What is the remainder when 467147 is divided by 408?
395
What is the remainder when 25947 is divided by 1853?
5
What is the remainder when 20844 is divided by 3470?
24
Calculate the remainder when 22212 is divided by 71.
60
Calculate the remainder when 2696 is divided by 377.
57
Calculate the remainder when 894 is divided by 257.
123
What is the remainder when 23730 is divided by 23?
17
What is the remainder when 7212 is divided by 850?
412
Calculate the remainder when 160920 is divided by 1533.
1488
Calculate the remainder when 12633 is divided by 39.
36
Calculate the remainder when 145757 is divided by 101.
14
What is the remainder when 113226 is divided by 745?
731
What is the remainder when 9006 is divided by 1482?
114
Calculate the remainder when 305145 is divided by 8.
1
What is the remainder when 41226 is divided by 13734?
24
Calculate the remainder when 689 is divided by 17.
9
What is the remainder when 28797 is divided by 301?
202
Calculate the remainder when 14904 is divided by 37.
30
Calculate the remainder when 269468 is divided by 237.
236
What is the remainder when 6315 is divided by 167?
136
What is the remainder when 1138 is divided by 362?
52
Calculate the remainder when 8699 is divided by 2511.
1166
Calculate the remainder when 4014 is divided by 125.
14
Calculate the remainder when 7778 is divided by 1551.
23
What is the remainder when 394699 is divided by 25?
24
What is the remainder when 12725 is divided by 737?
196
What is the remainder when 152420 is divided by 1044?
1040
What is the remainder when 76190 is divided by 92?
14
Calculate the remainder when 4303 is divided by 202.
61
What is the remainder when 476680 is divided by 103?
99
What is the remainder when 2978 is divided by 964?
86
What is the remainder when 57706 is divided by 14425?
6
Calculate t